{"id":408,"date":"2023-05-03T15:56:52","date_gmt":"2023-05-03T13:56:52","guid":{"rendered":"https:\/\/www.simplexcyber.dk\/?page_id=408"},"modified":"2023-08-10T11:23:09","modified_gmt":"2023-08-10T09:23:09","slug":"om-os","status":"publish","type":"page","link":"https:\/\/www.simplexcyber.dk\/?page_id=408","title":{"rendered":"Om os"},"content":{"rendered":"\t\t<div data-elementor-type=\"wp-page\" data-elementor-id=\"408\" class=\"elementor elementor-408\" data-elementor-post-type=\"page\">\n\t\t\t\t\t\t<section class=\"elementor-section elementor-top-section elementor-element elementor-element-1472fbf elementor-section-full_width elementor-section-height-min-height elementor-section-items-stretch elementor-section-content-middle elementor-reverse-tablet elementor-reverse-mobile elementor-section-height-default\" data-id=\"1472fbf\" data-element_type=\"section\" data-settings=\"{&quot;background_background&quot;:&quot;gradient&quot;}\">\n\t\t\t\t\t\t<div class=\"elementor-container elementor-column-gap-no\">\n\t\t\t\t\t<div class=\"elementor-column elementor-col-100 elementor-top-column elementor-element elementor-element-125a87c\" data-id=\"125a87c\" data-element_type=\"column\">\n\t\t\t<div class=\"elementor-widget-wrap elementor-element-populated\">\n\t\t\t\t\t\t<div class=\"elementor-element elementor-element-0922ec4 animated-slow elementor-invisible elementor-widget elementor-widget-heading\" data-id=\"0922ec4\" data-element_type=\"widget\" data-settings=\"{&quot;_animation&quot;:&quot;fadeIn&quot;}\" data-widget_type=\"heading.default\">\n\t\t\t\t<div class=\"elementor-widget-container\">\n\t\t\t\t\t<h1 class=\"elementor-heading-title elementor-size-default\">Integritet, viden og erfaring er grundstenene i SCI<\/h1>\t\t\t\t<\/div>\n\t\t\t\t<\/div>\n\t\t\t\t<div class=\"elementor-element elementor-element-adacef6 elementor-invisible elementor-widget elementor-widget-text-editor\" data-id=\"adacef6\" data-element_type=\"widget\" data-settings=\"{&quot;_animation&quot;:&quot;fadeIn&quot;,&quot;_animation_delay&quot;:200}\" data-widget_type=\"text-editor.default\">\n\t\t\t\t<div class=\"elementor-widget-container\">\n\t\t\t\t\t\t\t\t\t<p>SCI best\u00e5r af et passioneret team, der har har stor erfaring indenfor cybersikkerhed efter mange \u00e5rs arbejde som IT-specialister i store internationale IT-sikkerhedsvirksomheder og de danske efterretningstjenester.<\/p><p>Vi mener, at cybersikkerhed skal v\u00e6re for alle. Det skal ikke v\u00e6re en uoverskuelig \u00f8konomisk udgift for virksomhederne, at forebygge og h\u00f8jne modstandskraften mod cyberangreb.<\/p>\t\t\t\t\t\t\t\t<\/div>\n\t\t\t\t<\/div>\n\t\t\t\t\t<\/div>\n\t\t<\/div>\n\t\t\t\t\t<\/div>\n\t\t<\/section>\n\t\t\t\t<section class=\"elementor-section elementor-top-section elementor-element elementor-element-cdd6f74 elementor-section-full_width elementor-section-height-min-height elementor-section-items-stretch elementor-section-content-middle elementor-reverse-tablet elementor-reverse-mobile elementor-section-height-default\" data-id=\"cdd6f74\" data-element_type=\"section\" data-settings=\"{&quot;background_background&quot;:&quot;gradient&quot;}\">\n\t\t\t\t\t\t<div class=\"elementor-container elementor-column-gap-no\">\n\t\t\t\t\t<div class=\"elementor-column elementor-col-50 elementor-top-column elementor-element elementor-element-a6032b7\" data-id=\"a6032b7\" data-element_type=\"column\">\n\t\t\t<div class=\"elementor-widget-wrap elementor-element-populated\">\n\t\t\t\t\t\t<div class=\"elementor-element elementor-element-6e33720 elementor-invisible elementor-widget elementor-widget-image\" data-id=\"6e33720\" data-element_type=\"widget\" data-settings=\"{&quot;motion_fx_motion_fx_scrolling&quot;:&quot;yes&quot;,&quot;motion_fx_translateY_effect&quot;:&quot;yes&quot;,&quot;motion_fx_translateY_direction&quot;:&quot;negative&quot;,&quot;motion_fx_translateY_speed&quot;:{&quot;unit&quot;:&quot;px&quot;,&quot;size&quot;:1.5,&quot;sizes&quot;:[]},&quot;_animation&quot;:&quot;slideInLeft&quot;,&quot;motion_fx_translateY_affectedRange&quot;:{&quot;unit&quot;:&quot;%&quot;,&quot;size&quot;:&quot;&quot;,&quot;sizes&quot;:{&quot;start&quot;:0,&quot;end&quot;:100}},&quot;motion_fx_devices&quot;:[&quot;desktop&quot;,&quot;tablet&quot;,&quot;mobile&quot;]}\" data-widget_type=\"image.default\">\n\t\t\t\t<div class=\"elementor-widget-container\">\n\t\t\t\t\t\t\t\t\t\t\t\t\t\t\t<img fetchpriority=\"high\" decoding=\"async\" width=\"800\" height=\"684\" src=\"https:\/\/www.simplexcyber.dk\/wp-content\/uploads\/2023\/05\/Header-om-os-1024x876.png\" class=\"attachment-large size-large wp-image-616\" alt=\"En p\u00e5lidelig samarbejdspartner\" srcset=\"https:\/\/www.simplexcyber.dk\/wp-content\/uploads\/2023\/05\/Header-om-os-1024x876.png 1024w, https:\/\/www.simplexcyber.dk\/wp-content\/uploads\/2023\/05\/Header-om-os-300x257.png 300w, https:\/\/www.simplexcyber.dk\/wp-content\/uploads\/2023\/05\/Header-om-os-768x657.png 768w, https:\/\/www.simplexcyber.dk\/wp-content\/uploads\/2023\/05\/Header-om-os.png 1200w\" sizes=\"(max-width: 800px) 100vw, 800px\" \/>\t\t\t\t\t\t\t\t\t\t\t\t\t\t\t<\/div>\n\t\t\t\t<\/div>\n\t\t\t\t\t<\/div>\n\t\t<\/div>\n\t\t\t\t<div class=\"elementor-column elementor-col-50 elementor-top-column elementor-element elementor-element-e2579e5\" data-id=\"e2579e5\" data-element_type=\"column\">\n\t\t\t<div class=\"elementor-widget-wrap elementor-element-populated\">\n\t\t\t\t\t\t<div class=\"elementor-element elementor-element-9156743 animated-slow elementor-invisible elementor-widget elementor-widget-heading\" data-id=\"9156743\" data-element_type=\"widget\" data-settings=\"{&quot;_animation&quot;:&quot;fadeIn&quot;}\" data-widget_type=\"heading.default\">\n\t\t\t\t<div class=\"elementor-widget-container\">\n\t\t\t\t\t<h1 class=\"elementor-heading-title elementor-size-default\">Jeres p\u00e5lidelige partner indenfor informations- og cybersikkerhed<\/h1>\t\t\t\t<\/div>\n\t\t\t\t<\/div>\n\t\t\t\t<div class=\"elementor-element elementor-element-3682528 elementor-invisible elementor-widget elementor-widget-text-editor\" data-id=\"3682528\" data-element_type=\"widget\" data-settings=\"{&quot;_animation&quot;:&quot;fadeIn&quot;,&quot;_animation_delay&quot;:200}\" data-widget_type=\"text-editor.default\">\n\t\t\t\t<div class=\"elementor-widget-container\">\n\t\t\t\t\t\t\t\t\t<p>SCI har speciale i at hj\u00e6lpe sm\u00e5 og mellemstore virksomheder med at beskytte sig mod cyberangreb. Med den stigende risiko for cyberkriminalitet i dagens digitale verden, er det afg\u00f8rende for virksomheder at have en effektiv og p\u00e5lidelig cybersikkerhedsl\u00f8sning p\u00e5 plads.<\/p><p>Vi ved, at et cyberangreb kan have alvorlige konsekvenser for en virksomheds omd\u00f8mme, drift og \u00f8konomi. Derfor hj\u00e6lper vi vores kunder med at h\u00f8jne deres modstandskraft mod cyberkriminalitet. Vores team er i stand til at reagere hurtigt og effektivt i tilf\u00e6lde af et cyberangreb. Vi kalder det tryghed 24\/7.<\/p><p>Hos SCI tror vi p\u00e5 at en effektiv cybersikkerhedsl\u00f8sning kr\u00e6ver et t\u00e6t samarbejde mellem vores team og vores kunder. Vi er stolte af at have et dedikeret og erfarent team, der er engageret i at hj\u00e6lpe vores kunder med at h\u00f8jne deres modstandskraft og dermed minimere deres risiko for at blive ramt af et cyberangreb.<\/p>\t\t\t\t\t\t\t\t<\/div>\n\t\t\t\t<\/div>\n\t\t\t\t\t<\/div>\n\t\t<\/div>\n\t\t\t\t\t<\/div>\n\t\t<\/section>\n\t\t\t\t<section class=\"elementor-section elementor-top-section elementor-element elementor-element-dac6d6e elementor-section-full_width elementor-section-height-min-height elementor-section-items-stretch elementor-section-content-middle elementor-reverse-tablet elementor-reverse-mobile elementor-section-height-default\" data-id=\"dac6d6e\" data-element_type=\"section\" data-settings=\"{&quot;background_background&quot;:&quot;gradient&quot;}\">\n\t\t\t\t\t\t<div class=\"elementor-container elementor-column-gap-no\">\n\t\t\t\t\t<div class=\"elementor-column elementor-col-50 elementor-top-column elementor-element elementor-element-0460b38\" data-id=\"0460b38\" data-element_type=\"column\">\n\t\t\t<div class=\"elementor-widget-wrap elementor-element-populated\">\n\t\t\t\t\t\t<div class=\"elementor-element elementor-element-d16ae34 animated-slow elementor-invisible elementor-widget elementor-widget-heading\" data-id=\"d16ae34\" data-element_type=\"widget\" data-settings=\"{&quot;_animation&quot;:&quot;fadeIn&quot;}\" data-widget_type=\"heading.default\">\n\t\t\t\t<div class=\"elementor-widget-container\">\n\t\t\t\t\t<h1 class=\"elementor-heading-title elementor-size-default\">M\u00f8d vores faste og professionelle samarbejdspartnere<\/h1>\t\t\t\t<\/div>\n\t\t\t\t<\/div>\n\t\t\t\t<div class=\"elementor-element elementor-element-281fadf elementor-invisible elementor-widget elementor-widget-text-editor\" data-id=\"281fadf\" data-element_type=\"widget\" data-settings=\"{&quot;_animation&quot;:&quot;fadeIn&quot;,&quot;_animation_delay&quot;:200}\" data-widget_type=\"text-editor.default\">\n\t\t\t\t<div class=\"elementor-widget-container\">\n\t\t\t\t\t\t\t\t\t<p>Vores kvalitet og ekspertise er et direkte resultat af det st\u00e6rke partnerskab og samarbejde der er mellem SCI, <a href=\"https:\/\/globeteam.com\/?gad=1&amp;gclid=CjwKCAjw04yjBhApEiwAJcvNoUCgenGnPqCbazNUxYQCjYJMIdCrSAHckfGQaYyKKEdjbC8DTOCDuhoCVjkQAvD_BwE\">Globeteam<\/a> og <a href=\"https:\/\/www.banshie.com\/?gclid=CjwKCAjw04yjBhApEiwAJcvNoZ93VLmrGLYoX2L1B3iyCIW3dCr_LAXUiIXzWZF9yrVRLT22a-lpJRoCUN4QAvD_BwE\">Banshie<\/a>. Vi er drevet af et f\u00e6lles m\u00e5l om at styrke vores kunders virksomheder og deres medarbejderes digitale adf\u00e6rd.<\/p><p>Begge samarbejdspartnere er pionerer indenfor cybersikkerhed. Det er bl.a. deres omfattende viden og avancerede teknologier der bidrager til at im\u00f8deg\u00e5 selv de mest komplekse trusler i den digitale verden.\u00a0<\/p>\t\t\t\t\t\t\t\t<\/div>\n\t\t\t\t<\/div>\n\t\t\t\t<div class=\"elementor-element elementor-element-f7face5 animated-slow elementor-invisible elementor-widget elementor-widget-image\" data-id=\"f7face5\" data-element_type=\"widget\" data-settings=\"{&quot;_animation&quot;:&quot;fadeIn&quot;}\" data-widget_type=\"image.default\">\n\t\t\t\t<div class=\"elementor-widget-container\">\n\t\t\t\t\t\t\t\t\t\t\t\t\t\t\t<img decoding=\"async\" width=\"800\" height=\"200\" src=\"https:\/\/www.simplexcyber.dk\/wp-content\/uploads\/2023\/05\/Samarbejdspartnere.png\" class=\"attachment-full size-full wp-image-1029\" alt=\"Samarbejdspartneres logoer\" srcset=\"https:\/\/www.simplexcyber.dk\/wp-content\/uploads\/2023\/05\/Samarbejdspartnere.png 800w, https:\/\/www.simplexcyber.dk\/wp-content\/uploads\/2023\/05\/Samarbejdspartnere-300x75.png 300w, https:\/\/www.simplexcyber.dk\/wp-content\/uploads\/2023\/05\/Samarbejdspartnere-768x192.png 768w\" sizes=\"(max-width: 800px) 100vw, 800px\" \/>\t\t\t\t\t\t\t\t\t\t\t\t\t\t\t<\/div>\n\t\t\t\t<\/div>\n\t\t\t\t\t<\/div>\n\t\t<\/div>\n\t\t\t\t<div class=\"elementor-column elementor-col-50 elementor-top-column elementor-element elementor-element-b603ee6\" data-id=\"b603ee6\" data-element_type=\"column\">\n\t\t\t<div class=\"elementor-widget-wrap elementor-element-populated\">\n\t\t\t\t\t\t<div class=\"elementor-element elementor-element-74bc383 elementor-hidden-tablet elementor-hidden-mobile elementor-invisible elementor-widget elementor-widget-image\" data-id=\"74bc383\" data-element_type=\"widget\" data-settings=\"{&quot;motion_fx_motion_fx_scrolling&quot;:&quot;yes&quot;,&quot;motion_fx_translateY_effect&quot;:&quot;yes&quot;,&quot;motion_fx_translateY_direction&quot;:&quot;negative&quot;,&quot;motion_fx_translateY_speed&quot;:{&quot;unit&quot;:&quot;px&quot;,&quot;size&quot;:1.5,&quot;sizes&quot;:[]},&quot;_animation&quot;:&quot;slideInRight&quot;,&quot;motion_fx_translateY_affectedRange&quot;:{&quot;unit&quot;:&quot;%&quot;,&quot;size&quot;:&quot;&quot;,&quot;sizes&quot;:{&quot;start&quot;:0,&quot;end&quot;:100}},&quot;motion_fx_devices&quot;:[&quot;desktop&quot;,&quot;tablet&quot;,&quot;mobile&quot;]}\" data-widget_type=\"image.default\">\n\t\t\t\t<div class=\"elementor-widget-container\">\n\t\t\t\t\t\t\t\t\t\t\t\t\t\t\t<img decoding=\"async\" width=\"800\" height=\"684\" src=\"https:\/\/www.simplexcyber.dk\/wp-content\/uploads\/2023\/05\/Vores-betroet-samarbejdspartnere-1024x876.png\" class=\"attachment-large size-large wp-image-672\" alt=\"H\u00e5ndtryk ved samarbejde\" srcset=\"https:\/\/www.simplexcyber.dk\/wp-content\/uploads\/2023\/05\/Vores-betroet-samarbejdspartnere-1024x876.png 1024w, https:\/\/www.simplexcyber.dk\/wp-content\/uploads\/2023\/05\/Vores-betroet-samarbejdspartnere-300x257.png 300w, https:\/\/www.simplexcyber.dk\/wp-content\/uploads\/2023\/05\/Vores-betroet-samarbejdspartnere-768x657.png 768w, https:\/\/www.simplexcyber.dk\/wp-content\/uploads\/2023\/05\/Vores-betroet-samarbejdspartnere.png 1200w\" sizes=\"(max-width: 800px) 100vw, 800px\" \/>\t\t\t\t\t\t\t\t\t\t\t\t\t\t\t<\/div>\n\t\t\t\t<\/div>\n\t\t\t\t\t<\/div>\n\t\t<\/div>\n\t\t\t\t\t<\/div>\n\t\t<\/section>\n\t\t\t\t<section class=\"elementor-section elementor-top-section elementor-element elementor-element-3116dce9 elementor-section-boxed elementor-section-height-default elementor-section-height-default\" data-id=\"3116dce9\" data-element_type=\"section\" data-settings=\"{&quot;background_background&quot;:&quot;classic&quot;}\">\n\t\t\t\t\t\t<div class=\"elementor-container elementor-column-gap-no\">\n\t\t\t\t\t<div class=\"elementor-column elementor-col-100 elementor-top-column elementor-element elementor-element-66389993\" data-id=\"66389993\" data-element_type=\"column\">\n\t\t\t<div class=\"elementor-widget-wrap elementor-element-populated\">\n\t\t\t\t\t\t<div class=\"elementor-element elementor-element-74dd2223 animated-slow elementor-invisible elementor-widget elementor-widget-heading\" data-id=\"74dd2223\" data-element_type=\"widget\" data-settings=\"{&quot;_animation&quot;:&quot;fadeIn&quot;}\" data-widget_type=\"heading.default\">\n\t\t\t\t<div class=\"elementor-widget-container\">\n\t\t\t\t\t<h2 class=\"elementor-heading-title elementor-size-default\">Har du lyst til at forebygge?<\/h2>\t\t\t\t<\/div>\n\t\t\t\t<\/div>\n\t\t\t\t<div class=\"elementor-element elementor-element-47d72cad elementor-invisible elementor-widget elementor-widget-text-editor\" data-id=\"47d72cad\" data-element_type=\"widget\" data-settings=\"{&quot;_animation&quot;:&quot;fadeIn&quot;,&quot;_animation_delay&quot;:200}\" data-widget_type=\"text-editor.default\">\n\t\t\t\t<div class=\"elementor-widget-container\">\n\t\t\t\t\t\t\t\t\t<p>Kontakt os i dag for at h\u00f8re mere om vores sikkerhedsaftale og hvordan vi kan hj\u00e6lpe jeres virksomhed med at beskytte sig mod cybertrusler.<\/p>\t\t\t\t\t\t\t\t<\/div>\n\t\t\t\t<\/div>\n\t\t\t\t<div class=\"elementor-element elementor-element-3d292ad3 elementor-mobile-align-justify animated-fast elementor-align-center elementor-invisible elementor-widget elementor-widget-button\" data-id=\"3d292ad3\" data-element_type=\"widget\" data-settings=\"{&quot;_animation&quot;:&quot;fadeIn&quot;,&quot;_animation_delay&quot;:400}\" data-widget_type=\"button.default\">\n\t\t\t\t<div class=\"elementor-widget-container\">\n\t\t\t\t\t\t\t\t\t<div class=\"elementor-button-wrapper\">\n\t\t\t\t\t<a class=\"elementor-button elementor-button-link elementor-size-sm elementor-animation-float\" href=\"https:\/\/www.simplexcyber.dk\/?page_id=372\">\n\t\t\t\t\t\t<span class=\"elementor-button-content-wrapper\">\n\t\t\t\t\t\t\t\t\t<span class=\"elementor-button-text\">Kontakt os i dag!<\/span>\n\t\t\t\t\t<\/span>\n\t\t\t\t\t<\/a>\n\t\t\t\t<\/div>\n\t\t\t\t\t\t\t\t<\/div>\n\t\t\t\t<\/div>\n\t\t\t\t\t<\/div>\n\t\t<\/div>\n\t\t\t\t\t<\/div>\n\t\t<\/section>\n\t\t\t\t<\/div>\n\t\t","protected":false},"excerpt":{"rendered":"<p>Integritet, viden og erfaring er grundstenene i SCI SCI best\u00e5r af et passioneret team, der har har stor erfaring indenfor cybersikkerhed efter mange \u00e5rs arbejde som IT-specialister i store internationale IT-sikkerhedsvirksomheder og de danske efterretningstjenester. Vi mener, at cybersikkerhed skal v\u00e6re for alle. Det skal ikke v\u00e6re en uoverskuelig \u00f8konomisk udgift for virksomhederne, at forebygge [&hellip;]<\/p>\n","protected":false},"author":2,"featured_media":0,"parent":0,"menu_order":0,"comment_status":"closed","ping_status":"closed","template":"","meta":{"footnotes":""},"class_list":["post-408","page","type-page","status-publish","hentry"],"yoast_head":"<!-- This site is optimized with the Yoast SEO plugin v26.5 - https:\/\/yoast.com\/wordpress\/plugins\/seo\/ -->\n<title>Erfaring i cybersikkerhed og efterretning | Om os<\/title>\n<meta name=\"description\" content=\"Vi er erfarne i cybersikkerhed og efterretninger. L\u00e6r om vores mission om at styrke virksomheder gennem skr\u00e6ddersyet sikkerhedsr\u00e5dgivning\" \/>\n<meta name=\"robots\" content=\"index, follow, max-snippet:-1, max-image-preview:large, max-video-preview:-1\" \/>\n<link rel=\"canonical\" href=\"https:\/\/www.simplexcyber.dk\/?page_id=408\" \/>\n<meta property=\"og:locale\" content=\"da_DK\" \/>\n<meta property=\"og:type\" content=\"article\" \/>\n<meta property=\"og:title\" content=\"Erfaring i cybersikkerhed og efterretning | Om os\" \/>\n<meta property=\"og:description\" content=\"Vi er erfarne i cybersikkerhed og efterretninger. L\u00e6r om vores mission om at styrke virksomheder gennem skr\u00e6ddersyet sikkerhedsr\u00e5dgivning\" \/>\n<meta property=\"og:url\" content=\"https:\/\/www.simplexcyber.dk\/?page_id=408\" \/>\n<meta property=\"og:site_name\" content=\"Simplex Cyber &amp; Intelligence\" \/>\n<meta property=\"article:modified_time\" content=\"2023-08-10T09:23:09+00:00\" \/>\n<meta property=\"og:image\" content=\"https:\/\/www.simplexcyber.dk\/wp-content\/uploads\/2023\/05\/Header-om-os-1024x876.png\" \/>\n<meta name=\"twitter:card\" content=\"summary_large_image\" \/>\n<meta name=\"twitter:label1\" content=\"Estimeret l\u00e6setid\" \/>\n\t<meta name=\"twitter:data1\" content=\"3 minutter\" \/>\n<script type=\"application\/ld+json\" class=\"yoast-schema-graph\">{\"@context\":\"https:\/\/schema.org\",\"@graph\":[{\"@type\":\"WebPage\",\"@id\":\"https:\/\/www.simplexcyber.dk\/?page_id=408\",\"url\":\"https:\/\/www.simplexcyber.dk\/?page_id=408\",\"name\":\"Erfaring i cybersikkerhed og efterretning | Om os\",\"isPartOf\":{\"@id\":\"https:\/\/www.simplexcyber.dk\/#website\"},\"primaryImageOfPage\":{\"@id\":\"https:\/\/www.simplexcyber.dk\/?page_id=408#primaryimage\"},\"image\":{\"@id\":\"https:\/\/www.simplexcyber.dk\/?page_id=408#primaryimage\"},\"thumbnailUrl\":\"https:\/\/www.simplexcyber.dk\/wp-content\/uploads\/2023\/05\/Header-om-os-1024x876.png\",\"datePublished\":\"2023-05-03T13:56:52+00:00\",\"dateModified\":\"2023-08-10T09:23:09+00:00\",\"description\":\"Vi er erfarne i cybersikkerhed og efterretninger. L\u00e6r om vores mission om at styrke virksomheder gennem skr\u00e6ddersyet sikkerhedsr\u00e5dgivning\",\"breadcrumb\":{\"@id\":\"https:\/\/www.simplexcyber.dk\/?page_id=408#breadcrumb\"},\"inLanguage\":\"da-DK\",\"potentialAction\":[{\"@type\":\"ReadAction\",\"target\":[\"https:\/\/www.simplexcyber.dk\/?page_id=408\"]}]},{\"@type\":\"ImageObject\",\"inLanguage\":\"da-DK\",\"@id\":\"https:\/\/www.simplexcyber.dk\/?page_id=408#primaryimage\",\"url\":\"https:\/\/www.simplexcyber.dk\/wp-content\/uploads\/2023\/05\/Header-om-os.png\",\"contentUrl\":\"https:\/\/www.simplexcyber.dk\/wp-content\/uploads\/2023\/05\/Header-om-os.png\",\"width\":1200,\"height\":1026,\"caption\":\"En p\u00e5lidelig samarbejdspartner\"},{\"@type\":\"BreadcrumbList\",\"@id\":\"https:\/\/www.simplexcyber.dk\/?page_id=408#breadcrumb\",\"itemListElement\":[{\"@type\":\"ListItem\",\"position\":1,\"name\":\"Hjem\",\"item\":\"https:\/\/www.simplexcyber.dk\/\"},{\"@type\":\"ListItem\",\"position\":2,\"name\":\"Om os\"}]},{\"@type\":\"WebSite\",\"@id\":\"https:\/\/www.simplexcyber.dk\/#website\",\"url\":\"https:\/\/www.simplexcyber.dk\/\",\"name\":\"Simplex Cyber &amp; Intelligence\",\"description\":\"Sikkerhed for alle\",\"publisher\":{\"@id\":\"https:\/\/www.simplexcyber.dk\/#organization\"},\"potentialAction\":[{\"@type\":\"SearchAction\",\"target\":{\"@type\":\"EntryPoint\",\"urlTemplate\":\"https:\/\/www.simplexcyber.dk\/?s={search_term_string}\"},\"query-input\":{\"@type\":\"PropertyValueSpecification\",\"valueRequired\":true,\"valueName\":\"search_term_string\"}}],\"inLanguage\":\"da-DK\"},{\"@type\":\"Organization\",\"@id\":\"https:\/\/www.simplexcyber.dk\/#organization\",\"name\":\"Simplex Cyber &amp; Intelligence\",\"url\":\"https:\/\/www.simplexcyber.dk\/\",\"logo\":{\"@type\":\"ImageObject\",\"inLanguage\":\"da-DK\",\"@id\":\"https:\/\/www.simplexcyber.dk\/#\/schema\/logo\/image\/\",\"url\":\"https:\/\/www.simplexcyber.dk\/wp-content\/uploads\/2023\/05\/Logo-.png\",\"contentUrl\":\"https:\/\/www.simplexcyber.dk\/wp-content\/uploads\/2023\/05\/Logo-.png\",\"width\":200,\"height\":120,\"caption\":\"Simplex Cyber &amp; Intelligence\"},\"image\":{\"@id\":\"https:\/\/www.simplexcyber.dk\/#\/schema\/logo\/image\/\"}}]}<\/script>\n<!-- \/ Yoast SEO plugin. -->","yoast_head_json":{"title":"Erfaring i cybersikkerhed og efterretning | Om os","description":"Vi er erfarne i cybersikkerhed og efterretninger. L\u00e6r om vores mission om at styrke virksomheder gennem skr\u00e6ddersyet sikkerhedsr\u00e5dgivning","robots":{"index":"index","follow":"follow","max-snippet":"max-snippet:-1","max-image-preview":"max-image-preview:large","max-video-preview":"max-video-preview:-1"},"canonical":"https:\/\/www.simplexcyber.dk\/?page_id=408","og_locale":"da_DK","og_type":"article","og_title":"Erfaring i cybersikkerhed og efterretning | Om os","og_description":"Vi er erfarne i cybersikkerhed og efterretninger. L\u00e6r om vores mission om at styrke virksomheder gennem skr\u00e6ddersyet sikkerhedsr\u00e5dgivning","og_url":"https:\/\/www.simplexcyber.dk\/?page_id=408","og_site_name":"Simplex Cyber &amp; Intelligence","article_modified_time":"2023-08-10T09:23:09+00:00","og_image":[{"url":"https:\/\/www.simplexcyber.dk\/wp-content\/uploads\/2023\/05\/Header-om-os-1024x876.png","type":"","width":"","height":""}],"twitter_card":"summary_large_image","twitter_misc":{"Estimeret l\u00e6setid":"3 minutter"},"schema":{"@context":"https:\/\/schema.org","@graph":[{"@type":"WebPage","@id":"https:\/\/www.simplexcyber.dk\/?page_id=408","url":"https:\/\/www.simplexcyber.dk\/?page_id=408","name":"Erfaring i cybersikkerhed og efterretning | Om os","isPartOf":{"@id":"https:\/\/www.simplexcyber.dk\/#website"},"primaryImageOfPage":{"@id":"https:\/\/www.simplexcyber.dk\/?page_id=408#primaryimage"},"image":{"@id":"https:\/\/www.simplexcyber.dk\/?page_id=408#primaryimage"},"thumbnailUrl":"https:\/\/www.simplexcyber.dk\/wp-content\/uploads\/2023\/05\/Header-om-os-1024x876.png","datePublished":"2023-05-03T13:56:52+00:00","dateModified":"2023-08-10T09:23:09+00:00","description":"Vi er erfarne i cybersikkerhed og efterretninger. L\u00e6r om vores mission om at styrke virksomheder gennem skr\u00e6ddersyet sikkerhedsr\u00e5dgivning","breadcrumb":{"@id":"https:\/\/www.simplexcyber.dk\/?page_id=408#breadcrumb"},"inLanguage":"da-DK","potentialAction":[{"@type":"ReadAction","target":["https:\/\/www.simplexcyber.dk\/?page_id=408"]}]},{"@type":"ImageObject","inLanguage":"da-DK","@id":"https:\/\/www.simplexcyber.dk\/?page_id=408#primaryimage","url":"https:\/\/www.simplexcyber.dk\/wp-content\/uploads\/2023\/05\/Header-om-os.png","contentUrl":"https:\/\/www.simplexcyber.dk\/wp-content\/uploads\/2023\/05\/Header-om-os.png","width":1200,"height":1026,"caption":"En p\u00e5lidelig samarbejdspartner"},{"@type":"BreadcrumbList","@id":"https:\/\/www.simplexcyber.dk\/?page_id=408#breadcrumb","itemListElement":[{"@type":"ListItem","position":1,"name":"Hjem","item":"https:\/\/www.simplexcyber.dk\/"},{"@type":"ListItem","position":2,"name":"Om os"}]},{"@type":"WebSite","@id":"https:\/\/www.simplexcyber.dk\/#website","url":"https:\/\/www.simplexcyber.dk\/","name":"Simplex Cyber &amp; Intelligence","description":"Sikkerhed for alle","publisher":{"@id":"https:\/\/www.simplexcyber.dk\/#organization"},"potentialAction":[{"@type":"SearchAction","target":{"@type":"EntryPoint","urlTemplate":"https:\/\/www.simplexcyber.dk\/?s={search_term_string}"},"query-input":{"@type":"PropertyValueSpecification","valueRequired":true,"valueName":"search_term_string"}}],"inLanguage":"da-DK"},{"@type":"Organization","@id":"https:\/\/www.simplexcyber.dk\/#organization","name":"Simplex Cyber &amp; Intelligence","url":"https:\/\/www.simplexcyber.dk\/","logo":{"@type":"ImageObject","inLanguage":"da-DK","@id":"https:\/\/www.simplexcyber.dk\/#\/schema\/logo\/image\/","url":"https:\/\/www.simplexcyber.dk\/wp-content\/uploads\/2023\/05\/Logo-.png","contentUrl":"https:\/\/www.simplexcyber.dk\/wp-content\/uploads\/2023\/05\/Logo-.png","width":200,"height":120,"caption":"Simplex Cyber &amp; Intelligence"},"image":{"@id":"https:\/\/www.simplexcyber.dk\/#\/schema\/logo\/image\/"}}]}},"_links":{"self":[{"href":"https:\/\/www.simplexcyber.dk\/index.php?rest_route=\/wp\/v2\/pages\/408","targetHints":{"allow":["GET"]}}],"collection":[{"href":"https:\/\/www.simplexcyber.dk\/index.php?rest_route=\/wp\/v2\/pages"}],"about":[{"href":"https:\/\/www.simplexcyber.dk\/index.php?rest_route=\/wp\/v2\/types\/page"}],"author":[{"embeddable":true,"href":"https:\/\/www.simplexcyber.dk\/index.php?rest_route=\/wp\/v2\/users\/2"}],"replies":[{"embeddable":true,"href":"https:\/\/www.simplexcyber.dk\/index.php?rest_route=%2Fwp%2Fv2%2Fcomments&post=408"}],"version-history":[{"count":245,"href":"https:\/\/www.simplexcyber.dk\/index.php?rest_route=\/wp\/v2\/pages\/408\/revisions"}],"predecessor-version":[{"id":1426,"href":"https:\/\/www.simplexcyber.dk\/index.php?rest_route=\/wp\/v2\/pages\/408\/revisions\/1426"}],"wp:attachment":[{"href":"https:\/\/www.simplexcyber.dk\/index.php?rest_route=%2Fwp%2Fv2%2Fmedia&parent=408"}],"curies":[{"name":"wp","href":"https:\/\/api.w.org\/{rel}","templated":true}]}}